, 401
List the prime factors of 575.
5, 23
What are the prime factors of 6126?
2, 3, 1021
List the prime factors of 2383.
2383
List the prime factors of 3948.
2, 3, 7, 47
List the prime factors of 167.
167
What are the prime factors of 81501?
3, 7, 3881
What are the prime factors of 379?
379
What are the prime factors of 62?
2, 31
What are the prime factors of 1593?
3, 59
What are the prime factors of 147?
3, 7
List the prime factors of 1082.
2, 541
List the prime factors of 4936.
2, 617
List the prime factors of 29.
29
What are the prime factors of 13135?
5, 37, 71
List the prime factors of 1189.
29, 41
List the prime factors of 2902.
2, 1451
List the prime factors of 24633.
3, 7, 17, 23
List the prime factors of 86007.
3, 28669
List the prime factors of 2104.
2, 263
What are the prime factors of 166669?
166669
What are the prime factors of 13258?
2, 7, 947
List the prime factors of 11840.
2, 5, 37
What are the prime factors of 34219?
19, 1801
What are the prime factors of 71094?
2, 3, 17, 41
List the prime factors of 4951.
4951
List the prime factors of 32224.
2, 19, 53
List the prime factors of 7354.
2, 3677
List the prime factors of 1630.
2, 5, 163
What are the prime factors of 6835?
5, 1367
What are the prime factors of 233?
233
What are the prime factors of 2006?
2, 17, 59
List the prime factors of 5792.
2, 181
What are the prime factors of 21744?
2, 3, 151
List the prime factors of 633.
3, 211
List the prime factors of 33133.
17, 1949
List the prime factors of 13436.
2, 3359
List the prime factors of 2090.
2, 5, 11, 19
List the prime factors of 479.
479
What are the prime factors of 50226?
2, 3, 11, 761
List the prime factors of 2168.
2, 271
List the prime factors of 14839.
11, 19, 71
What are the prime factors of 1094?
2, 547
What are the prime factors of 1576?
2, 197
What are the prime factors of 1740?
2, 3, 5, 29
List the prime factors of 3337.
47, 71
List the prime factors of 2060.
2, 5, 103
List the prime factors of 19364.
2, 47, 103
What are the prime factors of 4874?
2, 2437
List the prime factors of 6851.
13, 17, 31
List the prime factors of 5887.
7, 29
List the prime factors of 149677.
11, 1237
List the prime factors of 45472.
2, 7, 29
List the prime factors of 5112.
2, 3, 71
List the prime factors of 21964.
2, 17, 19
What are the prime factors of 55519?
59, 941
List the prime factors of 2549.
2549
What are the prime factors of 45427?
45427
What are the prime factors of 160?
2, 5
What are the prime factors of 3447?
3, 383
List the prime factors of 24865.
5, 4973
List the prime factors of 381.
3, 127
What are the prime factors of 4338?
2, 3, 241
List the prime factors of 2184.
2, 3, 7, 13
List the prime factors of 2025.
3, 5
What are the prime factors of 4518?
2, 3, 251
What are the prime factors of 4133?
4133
What are the prime factors of 109951?
43, 2557
What are the prime factors of 47295?
3, 5, 1051
What are the prime factors of 24480?
2, 3, 5, 17
List the prime factors of 38701.
13, 229
List the prime factors of 4994.
2, 11, 227
What are the prime factors of 9010?
2, 5, 17, 53
What are the prime factors of 16306?
2, 31, 263
What are the prime factors of 21312?
2, 3, 37
What are the prime factors of 6129?
3, 227
What are the prime factors of 3567?
3, 29, 41
What are the prime factors of 1295?
5, 7, 37
What are the prime factors of 3780?
2, 3, 5, 7
What are the prime factors of 19648?
2, 307
List the prime factors of 4467.
3, 1489
List the prime factors of 2144.
2, 67
What are the prime factors of 50764?
2, 7, 37
List the prime factors of 21810.
2, 3, 5, 727
List the prime factors of 1228.
2, 307
What are the prime factors of 1180?
2, 5, 59
What are the prime factors of 156467?
156467
List the prime factors of 14113.
11, 1283
List the prime factors of 10630.
2, 5, 1063
What are the prime factors of 21023?
21023
What are the prime factors of 128409?
3, 23, 1861
List the prime factors of 479.
479
List the prime factors of 7255.
5, 1451
List the prime factors of 18711.
3, 7, 11
What are the prime factors of 883?
883
List the prime factors of 8448.
2, 3, 11
List the prime factors of 3634.
2, 23, 79
List the prime factors of 35937.
3, 11
List the prime factors of 1740.
2, 3, 5, 29
List the prime factors of 158.
2, 79
What are the prime factors of 2471?
7, 353
What are the prime factors of 1237?
1237
List the prime factors of 14099.
23, 613
What are the prime factors of 680?
2, 5, 17
List the prime factors of 301.
7, 43
What are the prime factors of 112154?
2, 7, 8011
List the prime factors of 338.
2, 13
List the prime factors of 2219.
7, 317
List the prime factors of 50552.
2, 71, 89
What are the prime factors of 367?
367
List the prime factors of 638.
2, 11, 29
What are the prime factors of 38338?
2, 29, 661
List the prime factors of 7747.
61, 127
List the prime factors of 917.
7, 131
List the prime factors of 47.
47
What are the prime factors of 326?
2, 163
List the prime factors of 204.
2, 3, 17
What are the prime factors of 175?
5, 7
List the prime factors of 1277.
1277
List the prime factors of 21253.
53, 401
List the prime factors of 2518.
2, 1259
What are the prime factors of 23059?
23059
List the prime factors of 114241.
23, 4967
What are the prime factors of 16038?
2, 3, 11
List the prime factors of 1098.
2, 3, 61
What are the prime factors of 16295?
5, 3259
List the prime factors of 8328.
2, 3, 347
What are the prime factors of 32975?
5, 1319
What are the prime factors of 2216?
2, 277
What are the prime factors of 2605?
5, 521
List the prime factors of 138918.
2, 3, 13, 137
List the prime factors of 581.
7, 83
What are the prime factors of 1964?
2, 491
What are the prime factors of 9165?
3, 5, 13, 47
What are the prime factors of 11714?
2, 5857
List the prime factors of 14930.
2, 5, 1493
What are the prime factors of 562?
2, 281
List the prime factors of 3388.
2, 7, 11
What are the prime factors of 1860?
2, 3, 5, 31
What are the prime factors of 4734?
2, 3, 263
What are the prime factors of 3913?
7, 13, 43
What are the prime factors of 4383?
3, 487
List the prime factors of 3683.
29, 127
What are the prime factors of 82063?
137, 599
What are the prime factors of 713?
23, 31
List the prime factors of 3930.
2, 3, 5, 131
List the prime factors of 956.
2, 239
What are the prime factors of 24748?
2, 23, 269
List the prime factors of 163970.
2, 5, 19, 863
List the prime factors of 8922.
2, 3, 1487
What are the prime factors of 33?
3, 11
What are the prime factors of 5756?
2, 1439
What are the prime factors of 10609?
103
What are the prime factors of 2597?
7, 53
What are the prime factors of 2846?
2, 1423
List the prime factors of 469.
7, 67
List the prime factors of 8920.
2, 5, 223
List the prime factors of 108487.
157, 691
List the prime factors of 1639.
11, 149
List the prime factors of 35925.
3, 5, 479
What are the prime factors of 22456?
2, 7, 401
What are the prime factors of 36158?
2, 101, 179
List the prime factors of 3910.
2, 5, 17, 23
List the prime factors of 8017.
8017
List the prime factors of 10355.
5, 19, 109
What are the prime factors of 555?
3, 5, 37
What are the prime factors of 2012?
2, 503
List the prime factors of 621.
3, 23
List the prime factors of 29601.
3, 11, 13, 23
What are the prime factors of 968?
2, 11
List the prime factors of 3408.
2, 3, 71
List the prime factors of 994.
2, 7, 71
What are the prime factors of 1865?
5, 373
What are the prime factors of 95929?
95929
What are the prime factors of 97835?
5, 17, 1151
List the prime factors of 1197.
3, 7, 19
What are the prime factors of 13292?
2, 3323
What are the prime factors of 2883?
3, 31
List the prime factors of 155.
5, 31
What are the prime factors of 85264?
2, 73
What are the prime factors of 20757?
3, 11, 17, 37
What are the prime factors of 28431?
3, 13
List the prime factors of 22852.
2, 29, 197
What are the prime factors of 4534?
2, 2267
What are the prime factors of 6120?
2, 3, 5, 17
List the prime factors of 20459.
41, 499
List the prime factors of 9539.
9539
List the prime factors of 136216.
2, 17027
List the prime factors of 19056.
2, 3, 397
List the prime factors of 12587.
41, 307
List the prime factors of 44900.
2, 5, 449
List the prime factors of 66769.
23, 2903
List the prime factors of 27364.
2, 6841
What are the prime factor